{"id":8063,"date":"2022-06-24T00:33:25","date_gmt":"2022-06-24T00:33:25","guid":{"rendered":"https:\/\/wwwcenmncl.com\/?page_id=8063"},"modified":"2025-01-09T21:23:46","modified_gmt":"2025-01-09T21:23:46","slug":"memorial-pedro-valdivia","status":"publish","type":"page","link":"https:\/\/www.memoriaestadionacional.cl\/en\/memorial-pedro-valdivia\/","title":{"rendered":"Memorial Pedro Valdivia"},"content":{"rendered":"<div class=\"wpb-content-wrapper\"><div class=\"vc-row-container vc-row-container--stretch-content-no-spaces\"><div data-vc-full-width=\"true\"  data-vc-full-width-init=\"false\" data-vc-stretch-content=\"true\" class=\"vc_row wpb_row vc_row-fluid vc_row-no-padding\"><div class=\"wpb_column vc_column_container vc_col-sm-12\"><div class=\"vc_column-inner\"><div class=\"wpb_wrapper\">\n\t\t\t<!-- START Memorial Av. Pedro de Valdivia REVOLUTION SLIDER 6.7.41 --><p class=\"rs-p-wp-fix\"><\/p>\n\t\t\t<rs-module-wrap id=\"rev_slider_8_1_wrapper\" data-source=\"gallery\" style=\"visibility:hidden;background:transparent;padding:0;margin:0px auto;margin-top:0;margin-bottom:0;\">\n\t\t\t\t<rs-module id=\"rev_slider_8_1\" style=\"\" data-version=\"6.7.41\">\n\t\t\t\t\t<rs-slides style=\"overflow: hidden; position: absolute;\">\n\t\t\t\t\t\t<rs-slide style=\"position: absolute;\" data-key=\"rs-8\" data-title=\"Slide\" data-in=\"o:0;\" data-out=\"a:false;\">\n\t\t\t\t\t\t\t<img decoding=\"async\" src=\"\/\/www.memoriaestadionacional.cl\/wp-content\/plugins\/revslider\/sr6\/assets\/assets\/dummy.png\" alt=\"\" title=\"memorial pedro de valdivia\" width=\"1000\" height=\"667\" class=\"rev-slidebg tp-rs-img rs-lazyload\" data-lazyload=\"\/\/www.memoriaestadionacional.cl\/wp-content\/uploads\/2022\/11\/memorial-pedro-de-valdivia.jpg\" data-no-retina>\n<!--\n\t\t\t\t\t\t\t--><rs-layer\n\t\t\t\t\t\t\t\tid=\"slider-8-slide-8-layer-3\" \n\t\t\t\t\t\t\t\tdata-type=\"text\"\n\t\t\t\t\t\t\t\tdata-color=\"#fff\"\n\t\t\t\t\t\t\t\tdata-rsp_ch=\"on\"\n\t\t\t\t\t\t\t\tdata-xy=\"x:c;y:m;yo:53px,53px,53px,50px;\"\n\t\t\t\t\t\t\t\tdata-text=\"w:normal;s:50,50,50,32;l:60,60,60,36;ls:1px,1px,1px,0px;fw:500;a:left,left,left,center;\"\n\t\t\t\t\t\t\t\tdata-dim=\"minh:0px,0px,0px,none;\"\n\t\t\t\t\t\t\t\tdata-frame_999=\"o:0;st:w;\"\n\t\t\t\t\t\t\t\tstyle=\"z-index:7;font-family:'Roboto';text-transform:uppercase;\"\n\t\t\t\t\t\t\t>Memorial Av. Pedro de Valdivia \n\t\t\t\t\t\t\t<\/rs-layer><!--\n\n\t\t\t\t\t\t\t--><rs-layer\n\t\t\t\t\t\t\t\tid=\"slider-8-slide-8-layer-4\" \n\t\t\t\t\t\t\t\tdata-type=\"text\"\n\t\t\t\t\t\t\t\tdata-color=\"#fff\"\n\t\t\t\t\t\t\t\tdata-rsp_ch=\"on\"\n\t\t\t\t\t\t\t\tdata-xy=\"x:c;y:m;yo:-33px,-33px,-33px,-30px;\"\n\t\t\t\t\t\t\t\tdata-text=\"w:normal;s:25,25,25,18;l:35,35,35,22;ls:1px,1px,1px,0px;fw:700;\"\n\t\t\t\t\t\t\t\tdata-dim=\"minh:0px,0px,0px,none;\"\n\t\t\t\t\t\t\t\tdata-frame_999=\"o:0;st:w;\"\n\t\t\t\t\t\t\t\tstyle=\"z-index:9;font-family:'Roboto';text-transform:uppercase;\"\n\t\t\t\t\t\t\t><div style=\"letter-spacing: 1px;\"><span style=\"color: #ffab00; font-size: 18px;\">[<\/span>SITIOS DE MEMORIA<span style=\"color: #ffab00; font-size: 18px;\">]<\/span<br \/>\n<\/div> \n\t\t\t\t\t\t\t<\/rs-layer><!--\n\n\t\t\t\t\t\t\t--><rs-layer\n\t\t\t\t\t\t\t\tid=\"slider-8-slide-8-layer-5\" \n\t\t\t\t\t\t\t\tdata-type=\"shape\"\n\t\t\t\t\t\t\t\tdata-rsp_ch=\"on\"\n\t\t\t\t\t\t\t\tdata-xy=\"x:c;y:m;\"\n\t\t\t\t\t\t\t\tdata-text=\"w:normal;s:20,20,20,7;l:0,0,0,9;\"\n\t\t\t\t\t\t\t\tdata-dim=\"w:180px,180px,180px,69px;h:5px,5px,5px,1px;\"\n\t\t\t\t\t\t\t\tdata-frame_999=\"o:0;st:w;\"\n\t\t\t\t\t\t\t\tstyle=\"z-index:8;background-color:#ffab00;\"\n\t\t\t\t\t\t\t> \n\t\t\t\t\t\t\t<\/rs-layer><!--\n\n\t\t\t\t\t\t\t--><rs-layer\n\t\t\t\t\t\t\t\tid=\"slider-8-slide-8-layer-6\" \n\t\t\t\t\t\t\t\tdata-type=\"shape\"\n\t\t\t\t\t\t\t\tdata-rsp_ch=\"on\"\n\t\t\t\t\t\t\t\tdata-text=\"w:normal;s:20,20,20,7;l:0,0,0,9;\"\n\t\t\t\t\t\t\t\tdata-dim=\"w:100%;h:100%;\"\n\t\t\t\t\t\t\t\tdata-basealign=\"slide\"\n\t\t\t\t\t\t\t\tdata-frame_999=\"o:0;st:w;\"\n\t\t\t\t\t\t\t\tstyle=\"z-index:6;background-color:rgba(0,0,0,0.5);\"\n\t\t\t\t\t\t\t> \n\t\t\t\t\t\t\t<\/rs-layer><!--\n-->\t\t\t\t\t<\/rs-slide>\n\t\t\t\t\t<\/rs-slides>\n\t\t\t\t<\/rs-module>\n\t\t\t\t<script>\n\t\t\t\t\tsetREVStartSize({c: 'rev_slider_8_1',rl:[1240,1240,1240,480],el:[800,800,800,480],gw:[1240,1240,1240,480],gh:[800,800,800,480],type:'hero',justify:'',layout:'fullwidth',mh:\"0\"});if (window.RS_MODULES!==undefined && window.RS_MODULES.modules!==undefined && window.RS_MODULES.modules[\"revslider81\"]!==undefined) {window.RS_MODULES.modules[\"revslider81\"].once = false;window.revapi8 = undefined;if (window.RS_MODULES.checkMinimal!==undefined) window.RS_MODULES.checkMinimal()}\n\t\t\t\t<\/script>\n\t\t\t<\/rs-module-wrap>\n\t\t\t<!-- END REVOLUTION SLIDER -->\n<\/div><\/div><\/div><\/div><\/div><div class=\"vc-row-container container\"><div class=\"vc_row wpb_row vc_row-fluid\"><div class=\"wpb_column vc_column_container vc_col-sm-12\"><div class=\"vc_column-inner\"><div class=\"wpb_wrapper\"><div class=\"vc_empty_space\"   style=\"height: 100px\"><span class=\"vc_empty_space_inner\"><\/span><\/div><\/div><\/div><\/div><\/div><\/div><div class=\"vc-row-container container\"><div class=\"vc_row wpb_row vc_row-fluid\"><div class=\"wpb_column vc_column_container vc_col-sm-12\"><div class=\"vc_column-inner\"><div class=\"wpb_wrapper\">\n\t<div class=\"wpb_text_column wpb_content_element\" >\n\t\t<div class=\"wpb_wrapper\">\n\t\t\t<p>En octubre de 1972, en pleno Gobierno del Presidente Salvador Allende y en v\u00edsperas de las elecciones parlamentarias de marzo de 1973, se paralizaron la producci\u00f3n y abastecimiento nacionales propiciadas por la c\u00fapula patronal y apoyada por Estados Unidos que ten\u00eda no s\u00f3lo intereses geopol\u00edticos derivados de la Guerra Fr\u00eda, sino tambi\u00e9n econ\u00f3micos sobre el cobre chileno. Este evento se denomina \u201cHuelga Patronal\u201d<sup>1<\/sup>.<\/p>\n<p>Si bien en t\u00e9rminos formales esta huelga dur\u00f3 \u00fanicamente un mes, se prolong\u00f3 en el tiempo y se convirti\u00f3 en una estrategia espor\u00e1dica para el colapso general de la econom\u00eda en Chile.<\/p>\n<p>Fue en reacci\u00f3n a esta huelga que los obreros se organizaron para contener sus consecuencias. Bajo esa direcci\u00f3n, la clase obrera consigui\u00f3 en un primer momento que no se interrumpiera la producci\u00f3n y el abastecimiento de la poblaci\u00f3n, eliminando los intermediarios y estableciendo un sistema de intercambio de recursos mediante medios de transporte improvisados y la venta de productos en los barrios populares.<\/p>\n<p>En un segundo momento, finalizada la huelga patronal, la clase obrera reforz\u00f3 su estrategia mediante lo que se denomin\u00f3 \u201ccrecimiento del poder popular\u201d: una lucha a nivel nacional para que las industrias, v\u00eda exigencia o apropiaci\u00f3n, fueran nacionalizadas y para que su gesti\u00f3n estuviera a cargo de los trabajadores, lo que provoc\u00f3 la expansi\u00f3n de los Cordones Industriales.<\/p>\n<p>La organizaci\u00f3n de los trabajadores y la expansi\u00f3n de los Cordones Industriales sirvieron para paliar el desabastecimiento provocado por el poder empresarial con la ayuda de Estados Unidos pero, a esa gran dificultad se deb\u00eda sumar la inflaci\u00f3n desproporcionada, la especulaci\u00f3n y el acaparamiento de los productos, adem\u00e1s del bloqueo parlamentario que imped\u00eda que el gobierno pudiera financiar el Presupuesto Nacional y, por tanto, sus proyectos para salir de la crisis.<\/p>\n<p>Fue en estas dificultades respecto del funcionamiento del circuito econ\u00f3mico donde radic\u00f3 el desencuentro m\u00e1s visible entre el poder popular y el gobierno de la Unidad Popular, principalmente porque la clase obrera estaba dejando de ver la soluci\u00f3n dentro de la institucionalidad del Estado no s\u00f3lo para superar la crisis, sino para hacer la transici\u00f3n hacia el socialismo.<br \/>\nEn julio de 1972 s\u00f3lo exist\u00edan 2 cordones: Cerrillos-Maip\u00fa y Cord\u00f3n Vicu\u00f1a Mackenna. Sin embargo, a septiembre de 1973 ya se encontraban conformados 31 cordones a nivel nacional, de los cuales 8 eran de la Regi\u00f3n Metropolitana.<br \/>\nEl 5 de septiembre de 1973, la Coordinadora Provincial de Cordones Industriales env\u00eda una carta al Presidente Salvador Allende Gossens. En ella, la \u201cclase obrera organizada\u201d, hace un llamado urgente al Mandatario a respetar el Programa de Gobierno \u201cante la inminencia de acontecimientos que llevar\u00edan al fin del proceso revolucionario chileno y a un r\u00e9gimen fascista implacable y criminal\u201d.<\/p>\n<p><em><sup>1<\/sup> Del patr\u00f3n(o) (propietario o persona que emplea obreros) o relacionado con \u00e9l.<\/em><\/p>\n\n\t\t<\/div>\n\t<\/div>\n<\/div><\/div><\/div><\/div><\/div><div class=\"vc-row-container container\"><div class=\"vc_row wpb_row vc_row-fluid\"><div class=\"wpb_column vc_column_container vc_col-sm-12\"><div class=\"vc_column-inner\"><div class=\"wpb_wrapper\"><div class=\"vc_empty_space\"   style=\"height: 50px\"><span class=\"vc_empty_space_inner\"><\/span><\/div><div class=\"vc_btn3-container vc_btn3-center vc_do_btn\" ><a style=\"background-color:#ffab00; color:#ffffff;\" class=\"vc_general vc_btn3 vc_btn3-size-md vc_btn3-shape-square vc_btn3-style-custom\" href=\"https:\/\/www.memoriaestadionacional.cl\/sitios\/\" title=\"\">VOLVER<\/a><\/div><div class=\"vc_empty_space\"   style=\"height: 50px\"><span class=\"vc_empty_space_inner\"><\/span><\/div><\/div><\/div><\/div><\/div><\/div>\n<\/div>","protected":false},"excerpt":{"rendered":"Memorial Av. Pedro de Valdivia [SITIOS DE MEMORIA]","protected":false},"author":1,"featured_media":0,"parent":0,"menu_order":0,"comment_status":"closed","ping_status":"closed","template":"","meta":{"_acf_changed":false,"footnotes":""},"class_list":["post-8063","page","type-page","status-publish","hentry"],"acf":[],"aioseo_notices":[],"_links":{"self":[{"href":"https:\/\/www.memoriaestadionacional.cl\/en\/wp-json\/wp\/v2\/pages\/8063","targetHints":{"allow":["GET"]}}],"collection":[{"href":"https:\/\/www.memoriaestadionacional.cl\/en\/wp-json\/wp\/v2\/pages"}],"about":[{"href":"https:\/\/www.memoriaestadionacional.cl\/en\/wp-json\/wp\/v2\/types\/page"}],"author":[{"embeddable":true,"href":"https:\/\/www.memoriaestadionacional.cl\/en\/wp-json\/wp\/v2\/users\/1"}],"replies":[{"embeddable":true,"href":"https:\/\/www.memoriaestadionacional.cl\/en\/wp-json\/wp\/v2\/comments?post=8063"}],"version-history":[{"count":1,"href":"https:\/\/www.memoriaestadionacional.cl\/en\/wp-json\/wp\/v2\/pages\/8063\/revisions"}],"predecessor-version":[{"id":15339,"href":"https:\/\/www.memoriaestadionacional.cl\/en\/wp-json\/wp\/v2\/pages\/8063\/revisions\/15339"}],"wp:attachment":[{"href":"https:\/\/www.memoriaestadionacional.cl\/en\/wp-json\/wp\/v2\/media?parent=8063"}],"curies":[{"name":"wp","href":"https:\/\/api.w.org\/{rel}","templated":true}]}}

<div class="wpb-content-wrapper"><div class="vc-row-container vc-row-container--stretch-content-no-spaces"><div data-vc-full-width="true"  data-vc-full-width-init="false" data-vc-stretch-content="true" class="vc_row wpb_row vc_row-fluid vc_row-no-padding"><div class="wpb_column vc_column_container vc_col-sm-12"><div class="vc_column-inner"><div class="wpb_wrapper">
			<!-- START Memorial Av. Pedro de Valdivia REVOLUTION SLIDER 6.7.41 --><p class="rs-p-wp-fix"></p>
			<rs-module-wrap id="rev_slider_8_1_wrapper" data-source="gallery" style="visibility:hidden;background:transparent;padding:0;margin:0px auto;margin-top:0;margin-bottom:0;">
				<rs-module id="rev_slider_8_1" style="" data-version="6.7.41">
					<rs-slides style="overflow: hidden; position: absolute;">
						<rs-slide style="position: absolute;" data-key="rs-8" data-title="Slide" data-in="o:0;" data-out="a:false;">
							<img decoding="async" src="//www.memoriaestadionacional.cl/wp-content/plugins/revslider/sr6/assets/assets/dummy.png" alt="" title="memorial pedro de valdivia" width="1000" height="667" class="rev-slidebg tp-rs-img rs-lazyload" data-lazyload="//www.memoriaestadionacional.cl/wp-content/uploads/2022/11/memorial-pedro-de-valdivia.jpg" data-no-retina>
<!--
							--><rs-layer
								id="slider-8-slide-8-layer-3" 
								data-type="text"
								data-color="#fff"
								data-rsp_ch="on"
								data-xy="x:c;y:m;yo:53px,53px,53px,50px;"
								data-text="w:normal;s:50,50,50,32;l:60,60,60,36;ls:1px,1px,1px,0px;fw:500;a:left,left,left,center;"
								data-dim="minh:0px,0px,0px,none;"
								data-frame_999="o:0;st:w;"
								style="z-index:7;font-family:'Roboto';text-transform:uppercase;"
							>Memorial Av. Pedro de Valdivia 
							</rs-layer><!--

							--><rs-layer
								id="slider-8-slide-8-layer-4" 
								data-type="text"
								data-color="#fff"
								data-rsp_ch="on"
								data-xy="x:c;y:m;yo:-33px,-33px,-33px,-30px;"
								data-text="w:normal;s:25,25,25,18;l:35,35,35,22;ls:1px,1px,1px,0px;fw:700;"
								data-dim="minh:0px,0px,0px,none;"
								data-frame_999="o:0;st:w;"
								style="z-index:9;font-family:'Roboto';text-transform:uppercase;"
							><div style="letter-spacing: 1px;"><span style="color: #ffab00; font-size: 18px;">[</span>SITIOS DE MEMORIA<span style="color: #ffab00; font-size: 18px;">]</span<br />
</div> 
							</rs-layer><!--

							--><rs-layer
								id="slider-8-slide-8-layer-5" 
								data-type="shape"
								data-rsp_ch="on"
								data-xy="x:c;y:m;"
								data-text="w:normal;s:20,20,20,7;l:0,0,0,9;"
								data-dim="w:180px,180px,180px,69px;h:5px,5px,5px,1px;"
								data-frame_999="o:0;st:w;"
								style="z-index:8;background-color:#ffab00;"
							> 
							</rs-layer><!--

							--><rs-layer
								id="slider-8-slide-8-layer-6" 
								data-type="shape"
								data-rsp_ch="on"
								data-text="w:normal;s:20,20,20,7;l:0,0,0,9;"
								data-dim="w:100%;h:100%;"
								data-basealign="slide"
								data-frame_999="o:0;st:w;"
								style="z-index:6;background-color:rgba(0,0,0,0.5);"
							> 
							</rs-layer><!--
-->					</rs-slide>
					</rs-slides>
				</rs-module>
				<script>
					setREVStartSize({c: 'rev_slider_8_1',rl:[1240,1240,1240,480],el:[800,800,800,480],gw:[1240,1240,1240,480],gh:[800,800,800,480],type:'hero',justify:'',layout:'fullwidth',mh:"0"});if (window.RS_MODULES!==undefined && window.RS_MODULES.modules!==undefined && window.RS_MODULES.modules["revslider81"]!==undefined) {window.RS_MODULES.modules["revslider81"].once = false;window.revapi8 = undefined;if (window.RS_MODULES.checkMinimal!==undefined) window.RS_MODULES.checkMinimal()}
				</script>
			</rs-module-wrap>
			<!-- END REVOLUTION SLIDER -->
</div></div></div></div></div><div class="vc-row-container container"><div class="vc_row wpb_row vc_row-fluid"><div class="wpb_column vc_column_container vc_col-sm-12"><div class="vc_column-inner"><div class="wpb_wrapper"><div class="vc_empty_space"   style="height: 100px"><span class="vc_empty_space_inner"></span></div></div></div></div></div></div><div class="vc-row-container container"><div class="vc_row wpb_row vc_row-fluid"><div class="wpb_column vc_column_container vc_col-sm-12"><div class="vc_column-inner"><div class="wpb_wrapper">
	<div class="wpb_text_column wpb_content_element" >
		<div class="wpb_wrapper">
			<p>En octubre de 1972, en pleno Gobierno del Presidente Salvador Allende y en vísperas de las elecciones parlamentarias de marzo de 1973, se paralizaron la producción y abastecimiento nacionales propiciadas por la cúpula patronal y apoyada por Estados Unidos que tenía no sólo intereses geopolíticos derivados de la Guerra Fría, sino también económicos sobre el cobre chileno. Este evento se denomina “Huelga Patronal”<sup>1</sup>.</p>
<p>Si bien en términos formales esta huelga duró únicamente un mes, se prolongó en el tiempo y se convirtió en una estrategia esporádica para el colapso general de la economía en Chile.</p>
<p>Fue en reacción a esta huelga que los obreros se organizaron para contener sus consecuencias. Bajo esa dirección, la clase obrera consiguió en un primer momento que no se interrumpiera la producción y el abastecimiento de la población, eliminando los intermediarios y estableciendo un sistema de intercambio de recursos mediante medios de transporte improvisados y la venta de productos en los barrios populares.</p>
<p>En un segundo momento, finalizada la huelga patronal, la clase obrera reforzó su estrategia mediante lo que se denominó “crecimiento del poder popular”: una lucha a nivel nacional para que las industrias, vía exigencia o apropiación, fueran nacionalizadas y para que su gestión estuviera a cargo de los trabajadores, lo que provocó la expansión de los Cordones Industriales.</p>
<p>La organización de los trabajadores y la expansión de los Cordones Industriales sirvieron para paliar el desabastecimiento provocado por el poder empresarial con la ayuda de Estados Unidos pero, a esa gran dificultad se debía sumar la inflación desproporcionada, la especulación y el acaparamiento de los productos, además del bloqueo parlamentario que impedía que el gobierno pudiera financiar el Presupuesto Nacional y, por tanto, sus proyectos para salir de la crisis.</p>
<p>Fue en estas dificultades respecto del funcionamiento del circuito económico donde radicó el desencuentro más visible entre el poder popular y el gobierno de la Unidad Popular, principalmente porque la clase obrera estaba dejando de ver la solución dentro de la institucionalidad del Estado no sólo para superar la crisis, sino para hacer la transición hacia el socialismo.<br />
En julio de 1972 sólo existían 2 cordones: Cerrillos-Maipú y Cordón Vicuña Mackenna. Sin embargo, a septiembre de 1973 ya se encontraban conformados 31 cordones a nivel nacional, de los cuales 8 eran de la Región Metropolitana.<br />
El 5 de septiembre de 1973, la Coordinadora Provincial de Cordones Industriales envía una carta al Presidente Salvador Allende Gossens. En ella, la “clase obrera organizada”, hace un llamado urgente al Mandatario a respetar el Programa de Gobierno “ante la inminencia de acontecimientos que llevarían al fin del proceso revolucionario chileno y a un régimen fascista implacable y criminal”.</p>
<p><em><sup>1</sup> Del patrón(o) (propietario o persona que emplea obreros) o relacionado con él.</em></p>

		</div>
	</div>
</div></div></div></div></div><div class="vc-row-container container"><div class="vc_row wpb_row vc_row-fluid"><div class="wpb_column vc_column_container vc_col-sm-12"><div class="vc_column-inner"><div class="wpb_wrapper"><div class="vc_empty_space"   style="height: 50px"><span class="vc_empty_space_inner"></span></div><div class="vc_btn3-container vc_btn3-center vc_do_btn" ><a style="background-color:#ffab00; color:#ffffff;" class="vc_general vc_btn3 vc_btn3-size-md vc_btn3-shape-square vc_btn3-style-custom" href="https://www.memoriaestadionacional.cl/sitios/" title="">VOLVER</a></div><div class="vc_empty_space"   style="height: 50px"><span class="vc_empty_space_inner"></span></div></div></div></div></div></div>
</div>
