{"id":8055,"date":"2022-06-24T00:29:54","date_gmt":"2022-06-24T00:29:54","guid":{"rendered":"https:\/\/wwwcenmncl.com\/?page_id=8055"},"modified":"2025-01-09T21:23:37","modified_gmt":"2025-01-09T21:23:37","slug":"camino-de-la-memoria","status":"publish","type":"page","link":"https:\/\/www.memoriaestadionacional.cl\/en\/camino-de-la-memoria\/","title":{"rendered":"Camino de la memoria"},"content":{"rendered":"<div class=\"wpb-content-wrapper\"><div class=\"vc-row-container vc-row-container--stretch-content-no-spaces\"><div data-vc-full-width=\"true\"  data-vc-full-width-init=\"false\" data-vc-stretch-content=\"true\" class=\"vc_row wpb_row vc_row-fluid vc_row-no-padding\"><div class=\"wpb_column vc_column_container vc_col-sm-12\"><div class=\"vc_column-inner\"><div class=\"wpb_wrapper\">\n\t\t\t<!-- START Camino de la memoria REVOLUTION SLIDER 6.7.41 --><p class=\"rs-p-wp-fix\"><\/p>\n\t\t\t<rs-module-wrap id=\"rev_slider_5_1_wrapper\" data-source=\"gallery\" style=\"visibility:hidden;background:transparent;padding:0;margin:0px auto;margin-top:0;margin-bottom:0;\">\n\t\t\t\t<rs-module id=\"rev_slider_5_1\" style=\"\" data-version=\"6.7.41\">\n\t\t\t\t\t<rs-slides style=\"overflow: hidden; position: absolute;\">\n\t\t\t\t\t\t<rs-slide style=\"position: absolute;\" data-key=\"rs-5\" data-title=\"Slide\" data-in=\"o:0;\" data-out=\"a:false;\">\n\t\t\t\t\t\t\t<img decoding=\"async\" src=\"\/\/www.memoriaestadionacional.cl\/wp-content\/plugins\/revslider\/sr6\/assets\/assets\/dummy.png\" alt=\"\" title=\"camino-de-la-memoria-2\" width=\"2000\" height=\"1120\" class=\"rev-slidebg tp-rs-img rs-lazyload\" data-lazyload=\"\/\/www.memoriaestadionacional.cl\/wp-content\/uploads\/2025\/11\/camino-de-la-memoria-2.jpg\" data-bg=\"p:0% 40%;\" data-no-retina>\n<!--\n\t\t\t\t\t\t\t--><rs-layer\n\t\t\t\t\t\t\t\tid=\"slider-5-slide-5-layer-3\" \n\t\t\t\t\t\t\t\tdata-type=\"text\"\n\t\t\t\t\t\t\t\tdata-color=\"#fff\"\n\t\t\t\t\t\t\t\tdata-rsp_ch=\"on\"\n\t\t\t\t\t\t\t\tdata-xy=\"x:c;y:m;yo:53px,53px,53px,30px;\"\n\t\t\t\t\t\t\t\tdata-text=\"w:normal;s:50,50,50,32;l:60,60,60,36;ls:1px,1px,1px,0px;fw:500;a:left,left,left,center;\"\n\t\t\t\t\t\t\t\tdata-dim=\"minh:0px,0px,0px,none;\"\n\t\t\t\t\t\t\t\tdata-frame_999=\"o:0;st:w;\"\n\t\t\t\t\t\t\t\tstyle=\"z-index:7;font-family:'Roboto';text-transform:uppercase;\"\n\t\t\t\t\t\t\t>Camino de la memoria \n\t\t\t\t\t\t\t<\/rs-layer><!--\n\n\t\t\t\t\t\t\t--><rs-layer\n\t\t\t\t\t\t\t\tid=\"slider-5-slide-5-layer-4\" \n\t\t\t\t\t\t\t\tdata-type=\"text\"\n\t\t\t\t\t\t\t\tdata-color=\"#fff\"\n\t\t\t\t\t\t\t\tdata-rsp_ch=\"on\"\n\t\t\t\t\t\t\t\tdata-xy=\"x:c;y:m;yo:-33px,-33px,-33px,-30px;\"\n\t\t\t\t\t\t\t\tdata-text=\"w:normal;s:25,25,25,18;l:35,35,35,22;ls:1px,1px,1px,0px;fw:700;a:left,left,left,center;\"\n\t\t\t\t\t\t\t\tdata-dim=\"minh:0px,0px,0px,none;\"\n\t\t\t\t\t\t\t\tdata-frame_999=\"o:0;st:w;\"\n\t\t\t\t\t\t\t\tstyle=\"z-index:9;font-family:'Roboto';text-transform:uppercase;\"\n\t\t\t\t\t\t\t><div style=\"letter-spacing: 1px;\"><span style=\"color: #ffab00; font-size: 18px;\">[<\/span>SITIOS DE MEMORIA<span style=\"color: #ffab00; font-size: 18px;\">]<\/span<br \/>\n<\/div> \n\t\t\t\t\t\t\t<\/rs-layer><!--\n\n\t\t\t\t\t\t\t--><rs-layer\n\t\t\t\t\t\t\t\tid=\"slider-5-slide-5-layer-5\" \n\t\t\t\t\t\t\t\tdata-type=\"shape\"\n\t\t\t\t\t\t\t\tdata-rsp_ch=\"on\"\n\t\t\t\t\t\t\t\tdata-xy=\"x:c;y:m;\"\n\t\t\t\t\t\t\t\tdata-text=\"w:normal;s:20,20,20,7;l:0,0,0,9;\"\n\t\t\t\t\t\t\t\tdata-dim=\"w:180px,180px,180px,69px;h:5px,5px,5px,1px;\"\n\t\t\t\t\t\t\t\tdata-frame_999=\"o:0;st:w;\"\n\t\t\t\t\t\t\t\tstyle=\"z-index:8;background-color:#ffab00;\"\n\t\t\t\t\t\t\t> \n\t\t\t\t\t\t\t<\/rs-layer><!--\n\n\t\t\t\t\t\t\t--><rs-layer\n\t\t\t\t\t\t\t\tid=\"slider-5-slide-5-layer-6\" \n\t\t\t\t\t\t\t\tdata-type=\"shape\"\n\t\t\t\t\t\t\t\tdata-rsp_ch=\"on\"\n\t\t\t\t\t\t\t\tdata-text=\"w:normal;s:20,20,20,7;l:0,0,0,9;\"\n\t\t\t\t\t\t\t\tdata-dim=\"w:100%;h:100%;\"\n\t\t\t\t\t\t\t\tdata-basealign=\"slide\"\n\t\t\t\t\t\t\t\tdata-frame_999=\"o:0;st:w;\"\n\t\t\t\t\t\t\t\tstyle=\"z-index:6;background-color:rgba(0,0,0,0.4);\"\n\t\t\t\t\t\t\t> \n\t\t\t\t\t\t\t<\/rs-layer><!--\n-->\t\t\t\t\t<\/rs-slide>\n\t\t\t\t\t<\/rs-slides>\n\t\t\t\t<\/rs-module>\n\t\t\t\t<script>\n\t\t\t\t\tsetREVStartSize({c: 'rev_slider_5_1',rl:[1240,1240,1240,480],el:[800,800,800,480],gw:[1240,1240,1240,480],gh:[800,800,800,480],type:'hero',justify:'',layout:'fullwidth',mh:\"0\"});if (window.RS_MODULES!==undefined && window.RS_MODULES.modules!==undefined && window.RS_MODULES.modules[\"revslider51\"]!==undefined) {window.RS_MODULES.modules[\"revslider51\"].once = false;window.revapi5 = undefined;if (window.RS_MODULES.checkMinimal!==undefined) window.RS_MODULES.checkMinimal()}\n\t\t\t\t<\/script>\n\t\t\t<\/rs-module-wrap>\n\t\t\t<!-- END REVOLUTION SLIDER -->\n<\/div><\/div><\/div><\/div><\/div><div class=\"vc-row-container container\"><div class=\"vc_row wpb_row vc_row-fluid\"><div class=\"wpb_column vc_column_container vc_col-sm-12\"><div class=\"vc_column-inner\"><div class=\"wpb_wrapper\"><div class=\"vc_empty_space\"   style=\"height: 100px\"><span class=\"vc_empty_space_inner\"><\/span><\/div><\/div><\/div><\/div><\/div><\/div><div class=\"vc-row-container container\"><div class=\"vc_row wpb_row vc_row-fluid\"><div class=\"wpb_column vc_column_container vc_col-sm-12\"><div class=\"vc_column-inner\"><div class=\"wpb_wrapper\">\n\t<div class=\"wpb_text_column wpb_content_element\" >\n\t\t<div class=\"wpb_wrapper\">\n\t\t\t<p>Diariamente desde los camarines de la piscina, y desde el coliseo, llevaban a hombres y mujeres hacia el vel\u00f3dromo, a la pista de ciclismo ubicada a unos 200 metros del coliseo central.<\/p>\n<p>Grupos de 30, 50 o 100 conformaban una cruel procesi\u00f3n por este camino, en silencio y en filas de dos o tres.\u00a0Iban caminando con sus frazadas, las mismas que utilizaban para dormir, cubriendo sus cabezas. S\u00f3lo pod\u00edan ver el suelo del sinuoso camino de tierra, bordeado de arboledas que conduc\u00eda al vel\u00f3dromo. A veces, se tropezaban y ca\u00edan, causando un efecto domin\u00f3 en la fila de prisioneros; sus custodios aprovechaban de patearlos en el suelo.<\/p>\n<p>El encargado del traslado de prisioneros desde el coliseo al vel\u00f3dromo era un subteniente de 21 a\u00f1os del Regimiento Pudeto de Punta Arenas: Reinel Bocaz Rocha.<\/p>\n<p>La historia de impunidad con Bocaz no fue la excepci\u00f3n. \u00c9ste, ya como coronel en retiro, fue edec\u00e1n de la C\u00e1mara de Diputados entre 2004 y 2016. Tras la imputaci\u00f3n por el homicidio en el Estadio Nacional del otrora escolta del Presidente Allende, \u00d3scar Delgado Mar\u00edn, Bocaz fue absuelto por la Corte de Apelaciones de Santiago en 2021.<\/p>\n\n\t\t<\/div>\n\t<\/div>\n<\/div><\/div><\/div><\/div><\/div><div class=\"vc-row-container container\"><div class=\"vc_row wpb_row vc_row-fluid\"><div class=\"wpb_column vc_column_container vc_col-sm-12\"><div class=\"vc_column-inner\"><div class=\"wpb_wrapper\"><div class=\"vc_empty_space\"   style=\"height: 50px\"><span class=\"vc_empty_space_inner\"><\/span><\/div><div class=\"vc_btn3-container vc_btn3-center vc_do_btn\" ><a style=\"background-color:#ffab00; color:#ffffff;\" class=\"vc_general vc_btn3 vc_btn3-size-md vc_btn3-shape-square vc_btn3-style-custom\" href=\"https:\/\/www.memoriaestadionacional.cl\/sitios\/\" title=\"\">VOLVER<\/a><\/div><div class=\"vc_empty_space\"   style=\"height: 50px\"><span class=\"vc_empty_space_inner\"><\/span><\/div><\/div><\/div><\/div><\/div><\/div>\n<\/div>","protected":false},"excerpt":{"rendered":"Camino de la memoria [SITIOS DE MEMORIA]","protected":false},"author":1,"featured_media":0,"parent":0,"menu_order":0,"comment_status":"closed","ping_status":"closed","template":"","meta":{"_acf_changed":false,"footnotes":""},"class_list":["post-8055","page","type-page","status-publish","hentry"],"acf":[],"aioseo_notices":[],"_links":{"self":[{"href":"https:\/\/www.memoriaestadionacional.cl\/en\/wp-json\/wp\/v2\/pages\/8055","targetHints":{"allow":["GET"]}}],"collection":[{"href":"https:\/\/www.memoriaestadionacional.cl\/en\/wp-json\/wp\/v2\/pages"}],"about":[{"href":"https:\/\/www.memoriaestadionacional.cl\/en\/wp-json\/wp\/v2\/types\/page"}],"author":[{"embeddable":true,"href":"https:\/\/www.memoriaestadionacional.cl\/en\/wp-json\/wp\/v2\/users\/1"}],"replies":[{"embeddable":true,"href":"https:\/\/www.memoriaestadionacional.cl\/en\/wp-json\/wp\/v2\/comments?post=8055"}],"version-history":[{"count":1,"href":"https:\/\/www.memoriaestadionacional.cl\/en\/wp-json\/wp\/v2\/pages\/8055\/revisions"}],"predecessor-version":[{"id":15338,"href":"https:\/\/www.memoriaestadionacional.cl\/en\/wp-json\/wp\/v2\/pages\/8055\/revisions\/15338"}],"wp:attachment":[{"href":"https:\/\/www.memoriaestadionacional.cl\/en\/wp-json\/wp\/v2\/media?parent=8055"}],"curies":[{"name":"wp","href":"https:\/\/api.w.org\/{rel}","templated":true}]}}

<div class="wpb-content-wrapper"><div class="vc-row-container vc-row-container--stretch-content-no-spaces"><div data-vc-full-width="true"  data-vc-full-width-init="false" data-vc-stretch-content="true" class="vc_row wpb_row vc_row-fluid vc_row-no-padding"><div class="wpb_column vc_column_container vc_col-sm-12"><div class="vc_column-inner"><div class="wpb_wrapper">
			<!-- START Camino de la memoria REVOLUTION SLIDER 6.7.41 --><p class="rs-p-wp-fix"></p>
			<rs-module-wrap id="rev_slider_5_1_wrapper" data-source="gallery" style="visibility:hidden;background:transparent;padding:0;margin:0px auto;margin-top:0;margin-bottom:0;">
				<rs-module id="rev_slider_5_1" style="" data-version="6.7.41">
					<rs-slides style="overflow: hidden; position: absolute;">
						<rs-slide style="position: absolute;" data-key="rs-5" data-title="Slide" data-in="o:0;" data-out="a:false;">
							<img decoding="async" src="//www.memoriaestadionacional.cl/wp-content/plugins/revslider/sr6/assets/assets/dummy.png" alt="" title="camino-de-la-memoria-2" width="2000" height="1120" class="rev-slidebg tp-rs-img rs-lazyload" data-lazyload="//www.memoriaestadionacional.cl/wp-content/uploads/2025/11/camino-de-la-memoria-2.jpg" data-bg="p:0% 40%;" data-no-retina>
<!--
							--><rs-layer
								id="slider-5-slide-5-layer-3" 
								data-type="text"
								data-color="#fff"
								data-rsp_ch="on"
								data-xy="x:c;y:m;yo:53px,53px,53px,30px;"
								data-text="w:normal;s:50,50,50,32;l:60,60,60,36;ls:1px,1px,1px,0px;fw:500;a:left,left,left,center;"
								data-dim="minh:0px,0px,0px,none;"
								data-frame_999="o:0;st:w;"
								style="z-index:7;font-family:'Roboto';text-transform:uppercase;"
							>Camino de la memoria 
							</rs-layer><!--

							--><rs-layer
								id="slider-5-slide-5-layer-4" 
								data-type="text"
								data-color="#fff"
								data-rsp_ch="on"
								data-xy="x:c;y:m;yo:-33px,-33px,-33px,-30px;"
								data-text="w:normal;s:25,25,25,18;l:35,35,35,22;ls:1px,1px,1px,0px;fw:700;a:left,left,left,center;"
								data-dim="minh:0px,0px,0px,none;"
								data-frame_999="o:0;st:w;"
								style="z-index:9;font-family:'Roboto';text-transform:uppercase;"
							><div style="letter-spacing: 1px;"><span style="color: #ffab00; font-size: 18px;">[</span>SITIOS DE MEMORIA<span style="color: #ffab00; font-size: 18px;">]</span<br />
</div> 
							</rs-layer><!--

							--><rs-layer
								id="slider-5-slide-5-layer-5" 
								data-type="shape"
								data-rsp_ch="on"
								data-xy="x:c;y:m;"
								data-text="w:normal;s:20,20,20,7;l:0,0,0,9;"
								data-dim="w:180px,180px,180px,69px;h:5px,5px,5px,1px;"
								data-frame_999="o:0;st:w;"
								style="z-index:8;background-color:#ffab00;"
							> 
							</rs-layer><!--

							--><rs-layer
								id="slider-5-slide-5-layer-6" 
								data-type="shape"
								data-rsp_ch="on"
								data-text="w:normal;s:20,20,20,7;l:0,0,0,9;"
								data-dim="w:100%;h:100%;"
								data-basealign="slide"
								data-frame_999="o:0;st:w;"
								style="z-index:6;background-color:rgba(0,0,0,0.4);"
							> 
							</rs-layer><!--
-->					</rs-slide>
					</rs-slides>
				</rs-module>
				<script>
					setREVStartSize({c: 'rev_slider_5_1',rl:[1240,1240,1240,480],el:[800,800,800,480],gw:[1240,1240,1240,480],gh:[800,800,800,480],type:'hero',justify:'',layout:'fullwidth',mh:"0"});if (window.RS_MODULES!==undefined && window.RS_MODULES.modules!==undefined && window.RS_MODULES.modules["revslider51"]!==undefined) {window.RS_MODULES.modules["revslider51"].once = false;window.revapi5 = undefined;if (window.RS_MODULES.checkMinimal!==undefined) window.RS_MODULES.checkMinimal()}
				</script>
			</rs-module-wrap>
			<!-- END REVOLUTION SLIDER -->
</div></div></div></div></div><div class="vc-row-container container"><div class="vc_row wpb_row vc_row-fluid"><div class="wpb_column vc_column_container vc_col-sm-12"><div class="vc_column-inner"><div class="wpb_wrapper"><div class="vc_empty_space"   style="height: 100px"><span class="vc_empty_space_inner"></span></div></div></div></div></div></div><div class="vc-row-container container"><div class="vc_row wpb_row vc_row-fluid"><div class="wpb_column vc_column_container vc_col-sm-12"><div class="vc_column-inner"><div class="wpb_wrapper">
	<div class="wpb_text_column wpb_content_element" >
		<div class="wpb_wrapper">
			<p>Diariamente desde los camarines de la piscina, y desde el coliseo, llevaban a hombres y mujeres hacia el velódromo, a la pista de ciclismo ubicada a unos 200 metros del coliseo central.</p>
<p>Grupos de 30, 50 o 100 conformaban una cruel procesión por este camino, en silencio y en filas de dos o tres. Iban caminando con sus frazadas, las mismas que utilizaban para dormir, cubriendo sus cabezas. Sólo podían ver el suelo del sinuoso camino de tierra, bordeado de arboledas que conducía al velódromo. A veces, se tropezaban y caían, causando un efecto dominó en la fila de prisioneros; sus custodios aprovechaban de patearlos en el suelo.</p>
<p>El encargado del traslado de prisioneros desde el coliseo al velódromo era un subteniente de 21 años del Regimiento Pudeto de Punta Arenas: Reinel Bocaz Rocha.</p>
<p>La historia de impunidad con Bocaz no fue la excepción. Éste, ya como coronel en retiro, fue edecán de la Cámara de Diputados entre 2004 y 2016. Tras la imputación por el homicidio en el Estadio Nacional del otrora escolta del Presidente Allende, Óscar Delgado Marín, Bocaz fue absuelto por la Corte de Apelaciones de Santiago en 2021.</p>

		</div>
	</div>
</div></div></div></div></div><div class="vc-row-container container"><div class="vc_row wpb_row vc_row-fluid"><div class="wpb_column vc_column_container vc_col-sm-12"><div class="vc_column-inner"><div class="wpb_wrapper"><div class="vc_empty_space"   style="height: 50px"><span class="vc_empty_space_inner"></span></div><div class="vc_btn3-container vc_btn3-center vc_do_btn" ><a style="background-color:#ffab00; color:#ffffff;" class="vc_general vc_btn3 vc_btn3-size-md vc_btn3-shape-square vc_btn3-style-custom" href="https://www.memoriaestadionacional.cl/sitios/" title="">VOLVER</a></div><div class="vc_empty_space"   style="height: 50px"><span class="vc_empty_space_inner"></span></div></div></div></div></div></div>
</div>
