{"id":7695,"date":"2022-06-14T00:30:54","date_gmt":"2022-06-14T00:30:54","guid":{"rendered":"https:\/\/wwwcenmncl.com\/?page_id=7695"},"modified":"2025-01-09T21:10:44","modified_gmt":"2025-01-09T21:10:44","slug":"memorial-grecia","status":"publish","type":"page","link":"https:\/\/www.memoriaestadionacional.cl\/en\/memorial-grecia\/","title":{"rendered":"Memorial Grecia"},"content":{"rendered":"<div class=\"wpb-content-wrapper\"><div class=\"vc-row-container vc-row-container--stretch-content-no-spaces\"><div data-vc-full-width=\"true\"  data-vc-full-width-init=\"false\" data-vc-stretch-content=\"true\" class=\"vc_row wpb_row vc_row-fluid vc_row-no-padding\"><div class=\"wpb_column vc_column_container vc_col-sm-12\"><div class=\"vc_column-inner\"><div class=\"wpb_wrapper\">\n\t\t\t<!-- START Memorial Grecia REVOLUTION SLIDER 6.7.41 --><p class=\"rs-p-wp-fix\"><\/p>\n\t\t\t<rs-module-wrap id=\"rev_slider_2_1_wrapper\" data-source=\"gallery\" style=\"visibility:hidden;background:transparent;padding:0;margin:0px auto;margin-top:0;margin-bottom:0;\">\n\t\t\t\t<rs-module id=\"rev_slider_2_1\" style=\"\" data-version=\"6.7.41\">\n\t\t\t\t\t<rs-slides style=\"overflow: hidden; position: absolute;\">\n\t\t\t\t\t\t<rs-slide style=\"position: absolute;\" data-key=\"rs-2\" data-title=\"Slide\" data-in=\"o:0;\" data-out=\"a:false;\">\n\t\t\t\t\t\t\t<img decoding=\"async\" src=\"\/\/www.memoriaestadionacional.cl\/wp-content\/plugins\/revslider\/sr6\/assets\/assets\/dummy.png\" alt=\"\" title=\"memorial-grecia-scaled\" width=\"2560\" height=\"1441\" class=\"rev-slidebg tp-rs-img rs-lazyload\" data-lazyload=\"\/\/www.memoriaestadionacional.cl\/wp-content\/uploads\/2022\/11\/memorial-grecia-scaled-1.jpeg\" data-no-retina>\n<!--\n\t\t\t\t\t\t\t--><rs-layer\n\t\t\t\t\t\t\t\tid=\"slider-2-slide-2-layer-0\" \n\t\t\t\t\t\t\t\tclass=\"rs-layer-audio\"\n\t\t\t\t\t\t\t\tdata-type=\"audio\"\n\t\t\t\t\t\t\t\tdata-rsp_ch=\"on\"\n\t\t\t\t\t\t\t\tdata-xy=\"x:c;y:m;yo:200px,200px,200px,136px;\"\n\t\t\t\t\t\t\t\tdata-text=\"w:normal;s:20,20,20,7;l:0,0,0,9;\"\n\t\t\t\t\t\t\t\tdata-dim=\"w:350,350,350,315px;h:54,54,54,56px;\"\n\t\t\t\t\t\t\t\tdata-video=\"w:350,350,350,315px;h:54,54,54,56px;p:auto;ap:false;vc:true;nse:false;l:false;vd:100;ptimer:true;\"\n\t\t\t\t\t\t\t\tdata-mp4=\"\/\/www.memoriaestadionacional.cl\/wp-content\/uploads\/2025\/11\/Memorial-Grecia-enhanced.wav\"\n\t\t\t\t\t\t\t\tdata-frame_999=\"o:0;st:w;\"\n\t\t\t\t\t\t\t\tstyle=\"z-index:11;\"\n\t\t\t\t\t\t\t> \n\t\t\t\t\t\t\t<\/rs-layer><!--\n\n\t\t\t\t\t\t\t--><rs-layer\n\t\t\t\t\t\t\t\tid=\"slider-2-slide-2-layer-1\" \n\t\t\t\t\t\t\t\tdata-type=\"text\"\n\t\t\t\t\t\t\t\tdata-color=\"#fff\"\n\t\t\t\t\t\t\t\tdata-rsp_ch=\"on\"\n\t\t\t\t\t\t\t\tdata-xy=\"x:c;xo:45px,45px,45px,28px;y:m;yo:98px,98px,98px,70px;\"\n\t\t\t\t\t\t\t\tdata-text=\"w:normal;s:30,30,30,25;l:40,40,40,35;ls:1px,1px,1px,0px;fw:700;\"\n\t\t\t\t\t\t\t\tdata-dim=\"minh:0px,0px,0px,none;\"\n\t\t\t\t\t\t\t\tdata-frame_999=\"o:0;st:w;\"\n\t\t\t\t\t\t\t\tstyle=\"z-index:10;font-family:'Roboto';text-transform:uppercase;\"\n\t\t\t\t\t\t\t><div style=\"letter-spacing: 1px;\">AUDIOGU\u00cdA<\/div> \n\t\t\t\t\t\t\t<\/rs-layer><!--\n\n\t\t\t\t\t\t\t--><rs-layer\n\t\t\t\t\t\t\t\tid=\"slider-2-slide-2-layer-2\" \n\t\t\t\t\t\t\t\tdata-type=\"image\"\n\t\t\t\t\t\t\t\tdata-rsp_ch=\"on\"\n\t\t\t\t\t\t\t\tdata-xy=\"xo:506px,506px,506px,147px;yo:471px,471px,471px,295px;\"\n\t\t\t\t\t\t\t\tdata-text=\"w:normal;s:20,20,20,7;l:0,0,0,9;\"\n\t\t\t\t\t\t\t\tdata-dim=\"w:50px,50px,50px,30px;h:50px,50px,50px,30px;\"\n\t\t\t\t\t\t\t\tdata-frame_999=\"o:0;st:w;\"\n\t\t\t\t\t\t\t\tstyle=\"z-index:12;\"\n\t\t\t\t\t\t\t><img decoding=\"async\" src=\"\/\/www.memoriaestadionacional.cl\/wp-content\/plugins\/revslider\/sr6\/assets\/assets\/dummy.png\" alt=\"\" class=\"tp-rs-img rs-lazyload\" width=\"200\" height=\"200\" data-lazyload=\"\/\/www.memoriaestadionacional.cl\/wp-content\/uploads\/2025\/10\/audio.png\" data-no-retina> \n\t\t\t\t\t\t\t<\/rs-layer><!--\n\n\t\t\t\t\t\t\t--><rs-layer\n\t\t\t\t\t\t\t\tid=\"slider-2-slide-2-layer-3\" \n\t\t\t\t\t\t\t\tdata-type=\"text\"\n\t\t\t\t\t\t\t\tdata-color=\"#fff\"\n\t\t\t\t\t\t\t\tdata-rsp_ch=\"on\"\n\t\t\t\t\t\t\t\tdata-xy=\"x:c;y:m;yo:-120px,-120px,-120px,-80px;\"\n\t\t\t\t\t\t\t\tdata-text=\"w:normal;s:50,50,50,32;l:60,60,60,36;ls:1px,1px,1px,0px;fw:500;\"\n\t\t\t\t\t\t\t\tdata-dim=\"minh:0px,0px,0px,none;\"\n\t\t\t\t\t\t\t\tdata-frame_999=\"o:0;st:w;\"\n\t\t\t\t\t\t\t\tstyle=\"z-index:7;font-family:'Roboto';text-transform:uppercase;\"\n\t\t\t\t\t\t\t>Memorial Grecia \n\t\t\t\t\t\t\t<\/rs-layer><!--\n\n\t\t\t\t\t\t\t--><rs-layer\n\t\t\t\t\t\t\t\tid=\"slider-2-slide-2-layer-4\" \n\t\t\t\t\t\t\t\tdata-type=\"text\"\n\t\t\t\t\t\t\t\tdata-color=\"#fff\"\n\t\t\t\t\t\t\t\tdata-rsp_ch=\"on\"\n\t\t\t\t\t\t\t\tdata-xy=\"x:c;y:m;yo:-200px,-200px,-200px,-150px;\"\n\t\t\t\t\t\t\t\tdata-text=\"w:normal;s:25,25,25,18;l:35,35,35,22;ls:1px,1px,1px,0px;fw:700;\"\n\t\t\t\t\t\t\t\tdata-dim=\"minh:0px,0px,0px,none;\"\n\t\t\t\t\t\t\t\tdata-frame_999=\"o:0;st:w;\"\n\t\t\t\t\t\t\t\tstyle=\"z-index:9;font-family:'Roboto';text-transform:uppercase;\"\n\t\t\t\t\t\t\t><div style=\"letter-spacing: 1px;\"><span style=\"color: #ffab00; font-size: 18px;\">[<\/span>SITIOS DE MEMORIA<span style=\"color: #ffab00; font-size: 18px;\">]<\/span<br \/>\n<\/div> \n\t\t\t\t\t\t\t<\/rs-layer><!--\n\n\t\t\t\t\t\t\t--><rs-layer\n\t\t\t\t\t\t\t\tid=\"slider-2-slide-2-layer-5\" \n\t\t\t\t\t\t\t\tdata-type=\"shape\"\n\t\t\t\t\t\t\t\tdata-rsp_ch=\"on\"\n\t\t\t\t\t\t\t\tdata-xy=\"x:c;y:m;yo:-170px,-170px,-170px,-120px;\"\n\t\t\t\t\t\t\t\tdata-text=\"w:normal;s:20,20,20,7;l:0,0,0,9;\"\n\t\t\t\t\t\t\t\tdata-dim=\"w:180px,180px,180px,69px;h:5px,5px,5px,1px;\"\n\t\t\t\t\t\t\t\tdata-frame_999=\"o:0;st:w;\"\n\t\t\t\t\t\t\t\tstyle=\"z-index:8;background-color:#ffab00;\"\n\t\t\t\t\t\t\t> \n\t\t\t\t\t\t\t<\/rs-layer><!--\n\n\t\t\t\t\t\t\t--><rs-layer\n\t\t\t\t\t\t\t\tid=\"slider-2-slide-2-layer-6\" \n\t\t\t\t\t\t\t\tdata-type=\"shape\"\n\t\t\t\t\t\t\t\tdata-rsp_ch=\"on\"\n\t\t\t\t\t\t\t\tdata-text=\"w:normal;s:20,20,20,7;l:0,0,0,9;\"\n\t\t\t\t\t\t\t\tdata-dim=\"w:100%;h:100%;\"\n\t\t\t\t\t\t\t\tdata-basealign=\"slide\"\n\t\t\t\t\t\t\t\tdata-frame_999=\"o:0;st:w;\"\n\t\t\t\t\t\t\t\tstyle=\"z-index:6;background-color:rgba(0,0,0,0.5);\"\n\t\t\t\t\t\t\t> \n\t\t\t\t\t\t\t<\/rs-layer><!--\n-->\t\t\t\t\t<\/rs-slide>\n\t\t\t\t\t<\/rs-slides>\n\t\t\t\t<\/rs-module>\n\t\t\t\t<script>\n\t\t\t\t\tsetREVStartSize({c: 'rev_slider_2_1',rl:[1240,1240,1240,480],el:[800,800,800,480],gw:[1240,1240,1240,480],gh:[800,800,800,480],type:'hero',justify:'',layout:'fullwidth',mh:\"0\"});if (window.RS_MODULES!==undefined && window.RS_MODULES.modules!==undefined && window.RS_MODULES.modules[\"revslider21\"]!==undefined) {window.RS_MODULES.modules[\"revslider21\"].once = false;window.revapi2 = undefined;if (window.RS_MODULES.checkMinimal!==undefined) window.RS_MODULES.checkMinimal()}\n\t\t\t\t<\/script>\n\t\t\t<\/rs-module-wrap>\n\t\t\t<!-- END REVOLUTION SLIDER -->\n<\/div><\/div><\/div><\/div><\/div><div class=\"vc-row-container container\"><div class=\"vc_row wpb_row vc_row-fluid\"><div class=\"wpb_column vc_column_container vc_col-sm-12\"><div class=\"vc_column-inner\"><div class=\"wpb_wrapper\"><div class=\"vc_empty_space\"   style=\"height: 100px\"><span class=\"vc_empty_space_inner\"><\/span><\/div><\/div><\/div><\/div><\/div><\/div><div class=\"vc-row-container container\"><div class=\"vc_row wpb_row vc_row-fluid\"><div class=\"wpb_column vc_column_container vc_col-sm-12\"><div class=\"vc_column-inner\"><div class=\"wpb_wrapper\">\n\t<div class=\"wpb_text_column wpb_content_element\" >\n\t\t<div class=\"wpb_wrapper\">\n\t\t\t<p>Este memorial fue dise\u00f1ado por el Premio Nacional de Artes y ex prisionero pol\u00edtico, Guillermo N\u00fa\u00f1ez. Este monumento rinde homenaje a las y los prisioneros pol\u00edticos de todo el pa\u00eds. Fue inaugurado en marzo de 2014. En \u00e9l se pueden apreciar algunos simbolismos, como el agua purificadora que cae sobre el muro, borrando el dolor y muerte que se viv\u00eda a lo largo de todo Chile; la cordillera de los Andes tallada en relieve como el \u00fanico paisaje que los prisioneros del Estadio Nacional pod\u00edan ver. La frase en \u00e9l inscrita \u201cYo estuve aqu\u00ed\u201d, es una invitaci\u00f3n simb\u00f3lica a reflexionar en torno a la prisi\u00f3n pol\u00edtica y los horrores de la dictadura.<\/p>\n\n\t\t<\/div>\n\t<\/div>\n<\/div><\/div><\/div><\/div><\/div><div class=\"vc-row-container container\"><div class=\"vc_row wpb_row vc_row-fluid\"><div class=\"wpb_column vc_column_container vc_col-sm-12\"><div class=\"vc_column-inner\"><div class=\"wpb_wrapper\"><div class=\"vc_empty_space\"   style=\"height: 50px\"><span class=\"vc_empty_space_inner\"><\/span><\/div><\/div><\/div><\/div><\/div><\/div><div class=\"vc-row-container container\"><div class=\"vc_row wpb_row vc_row-fluid\"><div class=\"wpb_column vc_column_container vc_col-sm-12\"><div class=\"vc_column-inner\"><div class=\"wpb_wrapper\">\n\t<div class=\"wpb_text_column wpb_content_element\" >\n\t\t<div class=\"wpb_wrapper\">\n\t\t\t<p><span style=\"color: #808080;\"><em>This memorial was designed by the National Arts Award winner, Guillermo N\u00fa\u00f1ez, a former political prisoner. This memorial pays tribute to political prisoners from all over the country. It was inaugurated in March 2014. We can see some symbolism in it, such as the purifying water falling on the wall, erasing the pain and death that was experienced throughout the country, and the Andes Mountains carved in relief as the only landscape the prisoners could see. The phrase inscribed on it &#8220;I was here&#8221; is a symbolic invitation to reflect on political imprisonment.<\/em><\/span><\/p>\n\n\t\t<\/div>\n\t<\/div>\n<\/div><\/div><\/div><\/div><\/div><div class=\"vc-row-container container\"><div class=\"vc_row wpb_row vc_row-fluid\"><div class=\"wpb_column vc_column_container vc_col-sm-12\"><div class=\"vc_column-inner\"><div class=\"wpb_wrapper\"><div class=\"vc_empty_space\"   style=\"height: 50px\"><span class=\"vc_empty_space_inner\"><\/span><\/div><div class=\"vc_btn3-container vc_btn3-center vc_do_btn\" ><a style=\"background-color:#ffab00; color:#ffffff;\" class=\"vc_general vc_btn3 vc_btn3-size-md vc_btn3-shape-square vc_btn3-style-custom\" href=\"https:\/\/www.memoriaestadionacional.cl\/sitios\/\" title=\"\">VOLVER<\/a><\/div><div class=\"vc_empty_space\"   style=\"height: 50px\"><span class=\"vc_empty_space_inner\"><\/span><\/div><\/div><\/div><\/div><\/div><\/div>\n<\/div>","protected":false},"excerpt":{"rendered":"AUDIOGU\u00cdA Memorial Grecia [SITIOS DE MEMORIA]","protected":false},"author":1,"featured_media":0,"parent":0,"menu_order":0,"comment_status":"closed","ping_status":"closed","template":"","meta":{"_acf_changed":false,"footnotes":""},"class_list":["post-7695","page","type-page","status-publish","hentry"],"acf":[],"aioseo_notices":[],"_links":{"self":[{"href":"https:\/\/www.memoriaestadionacional.cl\/en\/wp-json\/wp\/v2\/pages\/7695","targetHints":{"allow":["GET"]}}],"collection":[{"href":"https:\/\/www.memoriaestadionacional.cl\/en\/wp-json\/wp\/v2\/pages"}],"about":[{"href":"https:\/\/www.memoriaestadionacional.cl\/en\/wp-json\/wp\/v2\/types\/page"}],"author":[{"embeddable":true,"href":"https:\/\/www.memoriaestadionacional.cl\/en\/wp-json\/wp\/v2\/users\/1"}],"replies":[{"embeddable":true,"href":"https:\/\/www.memoriaestadionacional.cl\/en\/wp-json\/wp\/v2\/comments?post=7695"}],"version-history":[{"count":2,"href":"https:\/\/www.memoriaestadionacional.cl\/en\/wp-json\/wp\/v2\/pages\/7695\/revisions"}],"predecessor-version":[{"id":15333,"href":"https:\/\/www.memoriaestadionacional.cl\/en\/wp-json\/wp\/v2\/pages\/7695\/revisions\/15333"}],"wp:attachment":[{"href":"https:\/\/www.memoriaestadionacional.cl\/en\/wp-json\/wp\/v2\/media?parent=7695"}],"curies":[{"name":"wp","href":"https:\/\/api.w.org\/{rel}","templated":true}]}}

<div class="wpb-content-wrapper"><div class="vc-row-container vc-row-container--stretch-content-no-spaces"><div data-vc-full-width="true"  data-vc-full-width-init="false" data-vc-stretch-content="true" class="vc_row wpb_row vc_row-fluid vc_row-no-padding"><div class="wpb_column vc_column_container vc_col-sm-12"><div class="vc_column-inner"><div class="wpb_wrapper">
			<!-- START Memorial Grecia REVOLUTION SLIDER 6.7.41 --><p class="rs-p-wp-fix"></p>
			<rs-module-wrap id="rev_slider_2_1_wrapper" data-source="gallery" style="visibility:hidden;background:transparent;padding:0;margin:0px auto;margin-top:0;margin-bottom:0;">
				<rs-module id="rev_slider_2_1" style="" data-version="6.7.41">
					<rs-slides style="overflow: hidden; position: absolute;">
						<rs-slide style="position: absolute;" data-key="rs-2" data-title="Slide" data-in="o:0;" data-out="a:false;">
							<img decoding="async" src="//www.memoriaestadionacional.cl/wp-content/plugins/revslider/sr6/assets/assets/dummy.png" alt="" title="memorial-grecia-scaled" width="2560" height="1441" class="rev-slidebg tp-rs-img rs-lazyload" data-lazyload="//www.memoriaestadionacional.cl/wp-content/uploads/2022/11/memorial-grecia-scaled-1.jpeg" data-no-retina>
<!--
							--><rs-layer
								id="slider-2-slide-2-layer-0" 
								class="rs-layer-audio"
								data-type="audio"
								data-rsp_ch="on"
								data-xy="x:c;y:m;yo:200px,200px,200px,136px;"
								data-text="w:normal;s:20,20,20,7;l:0,0,0,9;"
								data-dim="w:350,350,350,315px;h:54,54,54,56px;"
								data-video="w:350,350,350,315px;h:54,54,54,56px;p:auto;ap:false;vc:true;nse:false;l:false;vd:100;ptimer:true;"
								data-mp4="//www.memoriaestadionacional.cl/wp-content/uploads/2025/11/Memorial-Grecia-enhanced.wav"
								data-frame_999="o:0;st:w;"
								style="z-index:11;"
							> 
							</rs-layer><!--

							--><rs-layer
								id="slider-2-slide-2-layer-1" 
								data-type="text"
								data-color="#fff"
								data-rsp_ch="on"
								data-xy="x:c;xo:45px,45px,45px,28px;y:m;yo:98px,98px,98px,70px;"
								data-text="w:normal;s:30,30,30,25;l:40,40,40,35;ls:1px,1px,1px,0px;fw:700;"
								data-dim="minh:0px,0px,0px,none;"
								data-frame_999="o:0;st:w;"
								style="z-index:10;font-family:'Roboto';text-transform:uppercase;"
							><div style="letter-spacing: 1px;">AUDIOGUÍA</div> 
							</rs-layer><!--

							--><rs-layer
								id="slider-2-slide-2-layer-2" 
								data-type="image"
								data-rsp_ch="on"
								data-xy="xo:506px,506px,506px,147px;yo:471px,471px,471px,295px;"
								data-text="w:normal;s:20,20,20,7;l:0,0,0,9;"
								data-dim="w:50px,50px,50px,30px;h:50px,50px,50px,30px;"
								data-frame_999="o:0;st:w;"
								style="z-index:12;"
							><img decoding="async" src="//www.memoriaestadionacional.cl/wp-content/plugins/revslider/sr6/assets/assets/dummy.png" alt="" class="tp-rs-img rs-lazyload" width="200" height="200" data-lazyload="//www.memoriaestadionacional.cl/wp-content/uploads/2025/10/audio.png" data-no-retina> 
							</rs-layer><!--

							--><rs-layer
								id="slider-2-slide-2-layer-3" 
								data-type="text"
								data-color="#fff"
								data-rsp_ch="on"
								data-xy="x:c;y:m;yo:-120px,-120px,-120px,-80px;"
								data-text="w:normal;s:50,50,50,32;l:60,60,60,36;ls:1px,1px,1px,0px;fw:500;"
								data-dim="minh:0px,0px,0px,none;"
								data-frame_999="o:0;st:w;"
								style="z-index:7;font-family:'Roboto';text-transform:uppercase;"
							>Memorial Grecia 
							</rs-layer><!--

							--><rs-layer
								id="slider-2-slide-2-layer-4" 
								data-type="text"
								data-color="#fff"
								data-rsp_ch="on"
								data-xy="x:c;y:m;yo:-200px,-200px,-200px,-150px;"
								data-text="w:normal;s:25,25,25,18;l:35,35,35,22;ls:1px,1px,1px,0px;fw:700;"
								data-dim="minh:0px,0px,0px,none;"
								data-frame_999="o:0;st:w;"
								style="z-index:9;font-family:'Roboto';text-transform:uppercase;"
							><div style="letter-spacing: 1px;"><span style="color: #ffab00; font-size: 18px;">[</span>SITIOS DE MEMORIA<span style="color: #ffab00; font-size: 18px;">]</span<br />
</div> 
							</rs-layer><!--

							--><rs-layer
								id="slider-2-slide-2-layer-5" 
								data-type="shape"
								data-rsp_ch="on"
								data-xy="x:c;y:m;yo:-170px,-170px,-170px,-120px;"
								data-text="w:normal;s:20,20,20,7;l:0,0,0,9;"
								data-dim="w:180px,180px,180px,69px;h:5px,5px,5px,1px;"
								data-frame_999="o:0;st:w;"
								style="z-index:8;background-color:#ffab00;"
							> 
							</rs-layer><!--

							--><rs-layer
								id="slider-2-slide-2-layer-6" 
								data-type="shape"
								data-rsp_ch="on"
								data-text="w:normal;s:20,20,20,7;l:0,0,0,9;"
								data-dim="w:100%;h:100%;"
								data-basealign="slide"
								data-frame_999="o:0;st:w;"
								style="z-index:6;background-color:rgba(0,0,0,0.5);"
							> 
							</rs-layer><!--
-->					</rs-slide>
					</rs-slides>
				</rs-module>
				<script>
					setREVStartSize({c: 'rev_slider_2_1',rl:[1240,1240,1240,480],el:[800,800,800,480],gw:[1240,1240,1240,480],gh:[800,800,800,480],type:'hero',justify:'',layout:'fullwidth',mh:"0"});if (window.RS_MODULES!==undefined && window.RS_MODULES.modules!==undefined && window.RS_MODULES.modules["revslider21"]!==undefined) {window.RS_MODULES.modules["revslider21"].once = false;window.revapi2 = undefined;if (window.RS_MODULES.checkMinimal!==undefined) window.RS_MODULES.checkMinimal()}
				</script>
			</rs-module-wrap>
			<!-- END REVOLUTION SLIDER -->
</div></div></div></div></div><div class="vc-row-container container"><div class="vc_row wpb_row vc_row-fluid"><div class="wpb_column vc_column_container vc_col-sm-12"><div class="vc_column-inner"><div class="wpb_wrapper"><div class="vc_empty_space"   style="height: 100px"><span class="vc_empty_space_inner"></span></div></div></div></div></div></div><div class="vc-row-container container"><div class="vc_row wpb_row vc_row-fluid"><div class="wpb_column vc_column_container vc_col-sm-12"><div class="vc_column-inner"><div class="wpb_wrapper">
	<div class="wpb_text_column wpb_content_element" >
		<div class="wpb_wrapper">
			<p>Este memorial fue diseñado por el Premio Nacional de Artes y ex prisionero político, Guillermo Núñez. Este monumento rinde homenaje a las y los prisioneros políticos de todo el país. Fue inaugurado en marzo de 2014. En él se pueden apreciar algunos simbolismos, como el agua purificadora que cae sobre el muro, borrando el dolor y muerte que se vivía a lo largo de todo Chile; la cordillera de los Andes tallada en relieve como el único paisaje que los prisioneros del Estadio Nacional podían ver. La frase en él inscrita “Yo estuve aquí”, es una invitación simbólica a reflexionar en torno a la prisión política y los horrores de la dictadura.</p>

		</div>
	</div>
</div></div></div></div></div><div class="vc-row-container container"><div class="vc_row wpb_row vc_row-fluid"><div class="wpb_column vc_column_container vc_col-sm-12"><div class="vc_column-inner"><div class="wpb_wrapper"><div class="vc_empty_space"   style="height: 50px"><span class="vc_empty_space_inner"></span></div></div></div></div></div></div><div class="vc-row-container container"><div class="vc_row wpb_row vc_row-fluid"><div class="wpb_column vc_column_container vc_col-sm-12"><div class="vc_column-inner"><div class="wpb_wrapper">
	<div class="wpb_text_column wpb_content_element" >
		<div class="wpb_wrapper">
			<p><span style="color: #808080;"><em>This memorial was designed by the National Arts Award winner, Guillermo Núñez, a former political prisoner. This memorial pays tribute to political prisoners from all over the country. It was inaugurated in March 2014. We can see some symbolism in it, such as the purifying water falling on the wall, erasing the pain and death that was experienced throughout the country, and the Andes Mountains carved in relief as the only landscape the prisoners could see. The phrase inscribed on it &#8220;I was here&#8221; is a symbolic invitation to reflect on political imprisonment.</em></span></p>

		</div>
	</div>
</div></div></div></div></div><div class="vc-row-container container"><div class="vc_row wpb_row vc_row-fluid"><div class="wpb_column vc_column_container vc_col-sm-12"><div class="vc_column-inner"><div class="wpb_wrapper"><div class="vc_empty_space"   style="height: 50px"><span class="vc_empty_space_inner"></span></div><div class="vc_btn3-container vc_btn3-center vc_do_btn" ><a style="background-color:#ffab00; color:#ffffff;" class="vc_general vc_btn3 vc_btn3-size-md vc_btn3-shape-square vc_btn3-style-custom" href="https://www.memoriaestadionacional.cl/sitios/" title="">VOLVER</a></div><div class="vc_empty_space"   style="height: 50px"><span class="vc_empty_space_inner"></span></div></div></div></div></div></div>
</div>

AUDIOGUÍA Memorial Grecia [SITIOS DE MEMORIA]
