{"id":7681,"date":"2022-06-14T00:13:38","date_gmt":"2022-06-14T00:13:38","guid":{"rendered":"https:\/\/wwwcenmncl.com\/?page_id=7681"},"modified":"2022-11-14T17:27:53","modified_gmt":"2022-11-14T17:27:53","slug":"educacion","status":"publish","type":"page","link":"https:\/\/www.memoriaestadionacional.cl\/en\/educacion\/","title":{"rendered":"Educaci\u00f3n"},"content":{"rendered":"<div class=\"wpb-content-wrapper\"><div class=\"vc-row-container container\"><div class=\"vc_row wpb_row vc_row-fluid\"><div class=\"wpb_column vc_column_container vc_col-sm-12\"><div class=\"vc_column-inner\"><div class=\"wpb_wrapper\"><div class=\"vc_empty_space\"   style=\"height: 100px\"><span class=\"vc_empty_space_inner\"><\/span><\/div><h1 style=\"text-align: center\" class=\"vc_custom_heading vc_do_custom_heading\" >Educaci\u00f3n<\/h1><div class=\"vc_separator wpb_content_element vc_separator_align_center vc_sep_width_10 vc_sep_border_width_5 vc_sep_pos_align_center vc_separator_no_text wpb_content_element  wpb_content_element\" ><span class=\"vc_sep_holder vc_sep_holder_l\"><span style=\"border-color:#e79e47;\" class=\"vc_sep_line\"><\/span><\/span><span class=\"vc_sep_holder vc_sep_holder_r\"><span style=\"border-color:#e79e47;\" class=\"vc_sep_line\"><\/span><\/span>\n<\/div><div class=\"vc_empty_space\"   style=\"height: 50px\"><span class=\"vc_empty_space_inner\"><\/span><\/div>\n\t<div class=\"wpb_text_column wpb_content_element\" >\n\t\t<div class=\"wpb_wrapper\">\n\t\t\t<p>Como sitio de memoria, y desde la experiencia del campo de concentraci\u00f3n Estadio Nacional, tenemos el deber de aportar a la educaci\u00f3n de la ciudadan\u00eda en esta materia y en derechos humanos, con el objetivo de colaborar de manera significativa en la consolidaci\u00f3n de una sociedad democr\u00e1tica.<\/p>\n<p>Nuestra sociedad precisa enfrentar y ocuparse de su pasado reciente para restablecer una democracia legi\u0301tima y so\u0301lida. Es un trabajo muy necesario en la actualidad ya que, tras\u00a0 la revuelta de octubre de 2019, hemos vuelto a vivenciar muchas de las atrocidades que como pueblo sufrimos en la dictadura c\u00edvico militar.<\/p>\n<p>Asimismo, ante el escenario del proceso in\u00e9dito de construcci\u00f3n de una nueva Constituci\u00f3n, se hace imprescindible la historicidad en el \u201cpresente\u201d a trav\u00e9s de la educaci\u00f3n en derechos humanos, dado que la educaci\u00f3n es un veh\u00edculo que nos permite que las personas podamos conocer, defender y ejercer nuestros derechos y los de todas las personas, como una pr\u00e1ctica mediadora y transformadora de la sociedad.<\/p>\n\n\t\t<\/div>\n\t<\/div>\n<div class=\"vc_empty_space\"   style=\"height: 200px\"><span class=\"vc_empty_space_inner\"><\/span><\/div><\/div><\/div><\/div><\/div><\/div>\n<\/div>","protected":false},"excerpt":{"rendered":"Educaci\u00f3n Como sitio de memoria, y desde la experiencia del campo de concentraci\u00f3n Estadio Nacional, tenemos el deber de aportar a la educaci\u00f3n de la ciudadan\u00eda en esta materia y en derechos humanos, con el objetivo de colaborar de manera significativa en la consolidaci\u00f3n de una sociedad democr\u00e1tica. Nuestra sociedad precisa enfrentar y ocuparse de&hellip;","protected":false},"author":1,"featured_media":0,"parent":0,"menu_order":0,"comment_status":"closed","ping_status":"closed","template":"","meta":{"_acf_changed":false,"footnotes":""},"class_list":["post-7681","page","type-page","status-publish","hentry"],"acf":[],"aioseo_notices":[],"_links":{"self":[{"href":"https:\/\/www.memoriaestadionacional.cl\/en\/wp-json\/wp\/v2\/pages\/7681","targetHints":{"allow":["GET"]}}],"collection":[{"href":"https:\/\/www.memoriaestadionacional.cl\/en\/wp-json\/wp\/v2\/pages"}],"about":[{"href":"https:\/\/www.memoriaestadionacional.cl\/en\/wp-json\/wp\/v2\/types\/page"}],"author":[{"embeddable":true,"href":"https:\/\/www.memoriaestadionacional.cl\/en\/wp-json\/wp\/v2\/users\/1"}],"replies":[{"embeddable":true,"href":"https:\/\/www.memoriaestadionacional.cl\/en\/wp-json\/wp\/v2\/comments?post=7681"}],"version-history":[{"count":0,"href":"https:\/\/www.memoriaestadionacional.cl\/en\/wp-json\/wp\/v2\/pages\/7681\/revisions"}],"wp:attachment":[{"href":"https:\/\/www.memoriaestadionacional.cl\/en\/wp-json\/wp\/v2\/media?parent=7681"}],"curies":[{"name":"wp","href":"https:\/\/api.w.org\/{rel}","templated":true}]}}

Educación

<div class="wpb-content-wrapper"><div class="vc-row-container container"><div class="vc_row wpb_row vc_row-fluid"><div class="wpb_column vc_column_container vc_col-sm-12"><div class="vc_column-inner"><div class="wpb_wrapper"><div class="vc_empty_space"   style="height: 100px"><span class="vc_empty_space_inner"></span></div><h1 style="text-align: center" class="vc_custom_heading vc_do_custom_heading" >Educación</h1><div class="vc_separator wpb_content_element vc_separator_align_center vc_sep_width_10 vc_sep_border_width_5 vc_sep_pos_align_center vc_separator_no_text wpb_content_element  wpb_content_element" ><span class="vc_sep_holder vc_sep_holder_l"><span style="border-color:#e79e47;" class="vc_sep_line"></span></span><span class="vc_sep_holder vc_sep_holder_r"><span style="border-color:#e79e47;" class="vc_sep_line"></span></span>
</div><div class="vc_empty_space"   style="height: 50px"><span class="vc_empty_space_inner"></span></div>
	<div class="wpb_text_column wpb_content_element" >
		<div class="wpb_wrapper">
			<p>Como sitio de memoria, y desde la experiencia del campo de concentración Estadio Nacional, tenemos el deber de aportar a la educación de la ciudadanía en esta materia y en derechos humanos, con el objetivo de colaborar de manera significativa en la consolidación de una sociedad democrática.</p>
<p>Nuestra sociedad precisa enfrentar y ocuparse de su pasado reciente para restablecer una democracia legítima y sólida. Es un trabajo muy necesario en la actualidad ya que, tras  la revuelta de octubre de 2019, hemos vuelto a vivenciar muchas de las atrocidades que como pueblo sufrimos en la dictadura cívico militar.</p>
<p>Asimismo, ante el escenario del proceso inédito de construcción de una nueva Constitución, se hace imprescindible la historicidad en el “presente” a través de la educación en derechos humanos, dado que la educación es un vehículo que nos permite que las personas podamos conocer, defender y ejercer nuestros derechos y los de todas las personas, como una práctica mediadora y transformadora de la sociedad.</p>

		</div>
	</div>
<div class="vc_empty_space"   style="height: 200px"><span class="vc_empty_space_inner"></span></div></div></div></div></div></div>
</div>

Educación Como sitio de memoria, y desde la experiencia del campo de concentración Estadio Nacional, tenemos el deber de aportar a la educación de la ciudadanía en esta materia y en derechos humanos, con el objetivo de colaborar de manera significativa en la consolidación de una sociedad democrática. Nuestra sociedad precisa enfrentar y ocuparse de&hellip;
